{"id":37,"date":"2021-01-07T17:05:01","date_gmt":"2021-01-07T16:05:01","guid":{"rendered":"http:\/\/testeglise.ovh\/?page_id=37"},"modified":"2021-01-07T17:05:01","modified_gmt":"2021-01-07T16:05:01","slug":"historique","status":"publish","type":"page","link":"https:\/\/eglisedebrie.fr\/?page_id=37","title":{"rendered":"Une \u00e9glise, source d&rsquo;inspirations&#8230;"},"content":{"rendered":"\n<blockquote class=\"wp-block-quote is-layout-flow wp-block-quote-is-layout-flow\"><p>L&rsquo;\u00e9glise de Brie-Comte-Robert est sous le titre de Saint-\u00c9tienne, premier martyr. C\u2019est un vaisseau dont la plus grande partie est du XIIIe si\u00e8cle : il est accompagn\u00e9 de collat\u00e9raux. Le tout solidement b\u00e2ti, \u00e9lev\u00e9, \u00e9clair\u00e9, orn\u00e9 de galeries d\u00e9licatement travaill\u00e9es. Le fond n\u2019est pas \u00e0 rond-point, mais se termine en quarr\u00e9 ; il est orn\u00e9 d\u2019un grand vitrage rond en couleur rouge, comme ceux de la Sainte-Chapelle de Paris, et support\u00e9 par deux autres fen\u00eatres oblongues \u00e9galement de la m\u00eame couleur. La tour est plac\u00e9e au bout occidental de l\u2019\u00e9glise \u00e0 l\u2019angle du Septentrion, \u00e0 peu pr\u00e8s comme celle de Saint-Victor \u00e0 Paris, sinon qu\u2019elle touche au corps de l\u2019\u00e9glise. Elle est aussi du XIIIe si\u00e8cle. Le d\u00e9faut de l\u2019\u00e9difice est qu\u2019on ne peut tourner autour du sanctuaire. Le bas du portail est aussi du m\u00eame si\u00e8cle, mais le haut ne parait avoir que cent ans ou environ de structure aussi bien que quelques pilastres ext\u00e9rieurs des vitrages de la nef.<\/p><cite>abb\u00e9 Lebeuf&nbsp;(1687-1760) historien<\/cite><\/blockquote>\n\n\n\n<blockquote class=\"wp-block-quote is-layout-flow wp-block-quote-is-layout-flow\"><p>L\u2019\u00e9glise paroissiale seule a travers\u00e9 une longue suite d\u2019ann\u00e9es sans avoir beaucoup des injures du temps ou du vandalisme des hommes. Les parties les plus anciennes de ce remarquable monument remontent au commencement du XIIIe si\u00e8cle ; les trois si\u00e8cles suivant y sont apport\u00e9s leur contingent. Tel qu\u2019il est cependant, il a gard\u00e9 dans l\u2019ensemble, sinon dans les d\u00e9tails, son caract\u00e8re primitif de majestueuse unit\u00e9. Le mur oriental (le chevet) est encore perc\u00e9 d\u2019une \u00e9clatante rose \u00e0 compartiments dont les vitraux \u00e0 peu pr\u00e8s contemporains de ceux de la Sainte-Chapelle \u00e0 Paris, repr\u00e9sentant le Christ, les ap\u00f4tres et les occupations des douze mois de l\u2019ann\u00e9e. D\u2019autres verri\u00e8res plac\u00e9es dans les chapelles lat\u00e9rales sont l\u2019\u0153uvre de XVIe si\u00e8cle. Cette belle \u00e9glise de Brie ne para\u00eet avoir \u00e9t\u00e9 jamais riche en monuments \u00e9pigraphiques.<\/p><cite>Guilhermy&nbsp;(1809-1878) arch\u00e9ologue<\/cite><\/blockquote>\n\n\n\n<blockquote class=\"wp-block-quote is-layout-flow wp-block-quote-is-layout-flow\"><p>La plaine est immense et tout l\u00e0-bas sur la gauche, des masses bois\u00e9es la limitent, mais \u00e0 droite, elle s&rsquo;\u00e9tend jusqu&rsquo;\u00e0 l&rsquo;horizon, o\u00f9 se dresse, tout seul dans la brume chaude et bleue, le clocher de Brie-Comte-Robert, distant d&rsquo;une lieue au moins, \u00e0 vol d&rsquo;oiseau. <\/p><cite>Fran\u00e7ois COpp\u00e9e (1842-1908) \u00e9crivain<\/cite><\/blockquote>\n\n\n\n<blockquote class=\"wp-block-quote is-layout-flow wp-block-quote-is-layout-flow\"><p>Par sa situation dans une des parties les plus planes du plateau briard l\u2019\u00e9glise de Brie Comte Robert est visible de tr\u00e8s loin gr\u00e2ce surtout \u00e0 la silhouette tr\u00e8s svelte de son clocher dont la fl\u00e8che s\u2019\u00e9l\u00e8ve \u00e0 65 m\u00e8tres du sol. A son approche elle appara\u00eet cependant enserr\u00e9e dans une vieille agglom\u00e9ration aux rues \u00e9troites. N\u00e9anmoins, si le chevet n\u2019est pas visible avec tout le recul d\u00e9sirable, le monument est dans l\u2019ensemble assez d\u00e9gag\u00e9 pour un bon examen de ses caract\u00e8res ext\u00e9rieurs.<\/p><cite>jean savary (1889-1978) auteur d&rsquo;une monographie<\/cite><\/blockquote>\n","protected":false},"excerpt":{"rendered":"<p>L&rsquo;\u00e9glise de Brie-Comte-Robert est sous le titre de Saint-\u00c9tienne, premier martyr. C\u2019est un vaisseau dont la plus grande partie est du XIIIe si\u00e8cle : il est accompagn\u00e9 de collat\u00e9raux. Le tout solidement b\u00e2ti, \u00e9lev\u00e9, \u00e9clair\u00e9, orn\u00e9 de galeries d\u00e9licatement travaill\u00e9es. Le fond n\u2019est pas \u00e0 rond-point, mais se termine en quarr\u00e9 ; il est orn\u00e9 [&hellip;]<\/p>\n","protected":false},"author":1,"featured_media":358,"parent":0,"menu_order":0,"comment_status":"closed","ping_status":"closed","template":"","meta":{"footnotes":""},"class_list":["post-37","page","type-page","status-publish","has-post-thumbnail","hentry"],"yoast_head":"<!-- This site is optimized with the Yoast SEO plugin v21.5 - https:\/\/yoast.com\/wordpress\/plugins\/seo\/ -->\n<title>Une \u00e9glise, source d&#039;inspirations... - Eglise Saint-Etienne de Brie-Comte-Robert<\/title>\n<meta name=\"robots\" content=\"index, follow, max-snippet:-1, max-image-preview:large, max-video-preview:-1\" \/>\n<link rel=\"canonical\" href=\"https:\/\/eglisedebrie.fr\/?page_id=37\" \/>\n<meta property=\"og:locale\" content=\"fr_FR\" \/>\n<meta property=\"og:type\" content=\"article\" \/>\n<meta property=\"og:title\" content=\"Une \u00e9glise, source d&#039;inspirations... - Eglise Saint-Etienne de Brie-Comte-Robert\" \/>\n<meta property=\"og:description\" content=\"L&rsquo;\u00e9glise de Brie-Comte-Robert est sous le titre de Saint-\u00c9tienne, premier martyr. C\u2019est un vaisseau dont la plus grande partie est du XIIIe si\u00e8cle : il est accompagn\u00e9 de collat\u00e9raux. Le tout solidement b\u00e2ti, \u00e9lev\u00e9, \u00e9clair\u00e9, orn\u00e9 de galeries d\u00e9licatement travaill\u00e9es. Le fond n\u2019est pas \u00e0 rond-point, mais se termine en quarr\u00e9 ; il est orn\u00e9 [&hellip;]\" \/>\n<meta property=\"og:url\" content=\"https:\/\/eglisedebrie.fr\/?page_id=37\" \/>\n<meta property=\"og:site_name\" content=\"Eglise Saint-Etienne de Brie-Comte-Robert\" \/>\n<meta property=\"og:image\" content=\"https:\/\/eglisedebrie.fr\/wp-content\/uploads\/2021\/01\/NUM_57_13_1.jpg\" \/>\n\t<meta property=\"og:image:width\" content=\"800\" \/>\n\t<meta property=\"og:image:height\" content=\"478\" \/>\n\t<meta property=\"og:image:type\" content=\"image\/jpeg\" \/>\n<meta name=\"twitter:card\" content=\"summary_large_image\" \/>\n<meta name=\"twitter:label1\" content=\"Dur\u00e9e de lecture estim\u00e9e\" \/>\n\t<meta name=\"twitter:data1\" content=\"2 minutes\" \/>\n<script type=\"application\/ld+json\" class=\"yoast-schema-graph\">{\"@context\":\"https:\/\/schema.org\",\"@graph\":[{\"@type\":\"WebPage\",\"@id\":\"https:\/\/eglisedebrie.fr\/?page_id=37\",\"url\":\"https:\/\/eglisedebrie.fr\/?page_id=37\",\"name\":\"Une \u00e9glise, source d'inspirations... - Eglise Saint-Etienne de Brie-Comte-Robert\",\"isPartOf\":{\"@id\":\"https:\/\/eglisedebrie.fr\/#website\"},\"datePublished\":\"2021-01-07T16:05:01+00:00\",\"dateModified\":\"2021-01-07T16:05:01+00:00\",\"breadcrumb\":{\"@id\":\"https:\/\/eglisedebrie.fr\/?page_id=37#breadcrumb\"},\"inLanguage\":\"fr-FR\",\"potentialAction\":[{\"@type\":\"ReadAction\",\"target\":[\"https:\/\/eglisedebrie.fr\/?page_id=37\"]}]},{\"@type\":\"BreadcrumbList\",\"@id\":\"https:\/\/eglisedebrie.fr\/?page_id=37#breadcrumb\",\"itemListElement\":[{\"@type\":\"ListItem\",\"position\":1,\"name\":\"Accueil\",\"item\":\"https:\/\/eglisedebrie.fr\/\"},{\"@type\":\"ListItem\",\"position\":2,\"name\":\"Une \u00e9glise, source d&rsquo;inspirations&#8230;\"}]},{\"@type\":\"WebSite\",\"@id\":\"https:\/\/eglisedebrie.fr\/#website\",\"url\":\"https:\/\/eglisedebrie.fr\/\",\"name\":\"Eglise Saint-Etienne de Brie-Comte-Robert\",\"description\":\"\u00a9 Les Amis du Vieux Ch\u00e2teau\",\"potentialAction\":[{\"@type\":\"SearchAction\",\"target\":{\"@type\":\"EntryPoint\",\"urlTemplate\":\"https:\/\/eglisedebrie.fr\/?s={search_term_string}\"},\"query-input\":\"required name=search_term_string\"}],\"inLanguage\":\"fr-FR\"}]}<\/script>\n<!-- \/ Yoast SEO plugin. -->","yoast_head_json":{"title":"Une \u00e9glise, source d'inspirations... - Eglise Saint-Etienne de Brie-Comte-Robert","robots":{"index":"index","follow":"follow","max-snippet":"max-snippet:-1","max-image-preview":"max-image-preview:large","max-video-preview":"max-video-preview:-1"},"canonical":"https:\/\/eglisedebrie.fr\/?page_id=37","og_locale":"fr_FR","og_type":"article","og_title":"Une \u00e9glise, source d'inspirations... - Eglise Saint-Etienne de Brie-Comte-Robert","og_description":"L&rsquo;\u00e9glise de Brie-Comte-Robert est sous le titre de Saint-\u00c9tienne, premier martyr. C\u2019est un vaisseau dont la plus grande partie est du XIIIe si\u00e8cle : il est accompagn\u00e9 de collat\u00e9raux. Le tout solidement b\u00e2ti, \u00e9lev\u00e9, \u00e9clair\u00e9, orn\u00e9 de galeries d\u00e9licatement travaill\u00e9es. Le fond n\u2019est pas \u00e0 rond-point, mais se termine en quarr\u00e9 ; il est orn\u00e9 [&hellip;]","og_url":"https:\/\/eglisedebrie.fr\/?page_id=37","og_site_name":"Eglise Saint-Etienne de Brie-Comte-Robert","og_image":[{"width":800,"height":478,"url":"https:\/\/eglisedebrie.fr\/wp-content\/uploads\/2021\/01\/NUM_57_13_1.jpg","type":"image\/jpeg"}],"twitter_card":"summary_large_image","twitter_misc":{"Dur\u00e9e de lecture estim\u00e9e":"2 minutes"},"schema":{"@context":"https:\/\/schema.org","@graph":[{"@type":"WebPage","@id":"https:\/\/eglisedebrie.fr\/?page_id=37","url":"https:\/\/eglisedebrie.fr\/?page_id=37","name":"Une \u00e9glise, source d'inspirations... - Eglise Saint-Etienne de Brie-Comte-Robert","isPartOf":{"@id":"https:\/\/eglisedebrie.fr\/#website"},"datePublished":"2021-01-07T16:05:01+00:00","dateModified":"2021-01-07T16:05:01+00:00","breadcrumb":{"@id":"https:\/\/eglisedebrie.fr\/?page_id=37#breadcrumb"},"inLanguage":"fr-FR","potentialAction":[{"@type":"ReadAction","target":["https:\/\/eglisedebrie.fr\/?page_id=37"]}]},{"@type":"BreadcrumbList","@id":"https:\/\/eglisedebrie.fr\/?page_id=37#breadcrumb","itemListElement":[{"@type":"ListItem","position":1,"name":"Accueil","item":"https:\/\/eglisedebrie.fr\/"},{"@type":"ListItem","position":2,"name":"Une \u00e9glise, source d&rsquo;inspirations&#8230;"}]},{"@type":"WebSite","@id":"https:\/\/eglisedebrie.fr\/#website","url":"https:\/\/eglisedebrie.fr\/","name":"Eglise Saint-Etienne de Brie-Comte-Robert","description":"\u00a9 Les Amis du Vieux Ch\u00e2teau","potentialAction":[{"@type":"SearchAction","target":{"@type":"EntryPoint","urlTemplate":"https:\/\/eglisedebrie.fr\/?s={search_term_string}"},"query-input":"required name=search_term_string"}],"inLanguage":"fr-FR"}]}},"_links":{"self":[{"href":"https:\/\/eglisedebrie.fr\/index.php?rest_route=\/wp\/v2\/pages\/37","targetHints":{"allow":["GET"]}}],"collection":[{"href":"https:\/\/eglisedebrie.fr\/index.php?rest_route=\/wp\/v2\/pages"}],"about":[{"href":"https:\/\/eglisedebrie.fr\/index.php?rest_route=\/wp\/v2\/types\/page"}],"author":[{"embeddable":true,"href":"https:\/\/eglisedebrie.fr\/index.php?rest_route=\/wp\/v2\/users\/1"}],"replies":[{"embeddable":true,"href":"https:\/\/eglisedebrie.fr\/index.php?rest_route=%2Fwp%2Fv2%2Fcomments&post=37"}],"version-history":[{"count":0,"href":"https:\/\/eglisedebrie.fr\/index.php?rest_route=\/wp\/v2\/pages\/37\/revisions"}],"wp:featuredmedia":[{"embeddable":true,"href":"https:\/\/eglisedebrie.fr\/index.php?rest_route=\/wp\/v2\/media\/358"}],"wp:attachment":[{"href":"https:\/\/eglisedebrie.fr\/index.php?rest_route=%2Fwp%2Fv2%2Fmedia&parent=37"}],"curies":[{"name":"wp","href":"https:\/\/api.w.org\/{rel}","templated":true}]}}