{"id":272,"date":"2021-01-10T16:44:59","date_gmt":"2021-01-10T15:44:59","guid":{"rendered":"http:\/\/testeglise.ovh\/?page_id=272"},"modified":"2023-10-20T13:56:52","modified_gmt":"2023-10-20T11:56:52","slug":"voutes","status":"publish","type":"page","link":"https:\/\/eglisedebrie.fr\/?page_id=272","title":{"rendered":"Vo\u00fbtes"},"content":{"rendered":"\n<p><strong>Les grandes vo\u00fbtes<\/strong><\/p>\n\n\n\n<p>Le terme de \u00ab\u00a0grandes vo\u00fbtes\u00a0\u00bb appara\u00eet dans les archives de la paroisse, \u00e0 propos de l&#8217;emplacement des s\u00e9pultures. En effet, jusqu&rsquo;\u00e0 la fin du XVIIIe si\u00e8cle, les notables de la ville pouvaient se faire enterrer dans l&rsquo;\u00e9glise selon l&rsquo;endroit choisi, \u00ab\u00a0sous les grandes vo\u00fbtes\u00a0\u00bb (la nef) ou \u00ab\u00a0sous les petites vo\u00fbtes\u00a0\u00bb (les bas-c\u00f4t\u00e9s). Le prix des droits de s\u00e9pulture variait, l&#8217;emplacement des \u00ab\u00a0grandes vo\u00fbtes\u00a0\u00bb \u00e9tant le plus pris\u00e9. <\/p>\n\n\n\n<p><strong>On retrouve, au niveau des vo\u00fbtes, deux p\u00e9riodes de construction<\/strong>&nbsp;<strong>: le XIIIe si\u00e8cle et la p\u00e9riode Renaissance, dans une remarquable harmonie.<\/strong>&nbsp;<\/p>\n\n\n\n<figure class=\"wp-block-image size-large\"><img decoding=\"async\" src=\"http:\/\/testeglise.ovh\/wp-content\/uploads\/2021\/01\/2013-11-13_16-1024x768.jpg\" alt=\"\" class=\"wp-image-1277\"\/><\/figure>\n\n\n\n<p>Les cinq trav\u00e9es du XIIIe si\u00e8cle, pr\u00e8s du chevet, comportent des arcs doubleaux (transversaux), des arcs d&rsquo;ogives (diagonaux)&nbsp; et des arcs formerets (longitudinaux), dont les nervures caract\u00e9ristiques sont cylindriques. Ces arcs retombent sur des chapiteaux \u00e0 feuillages plac\u00e9s au sommet de trois colonnettes reposant elles-m\u00eames sur les tailloirs des colonnes cylindriques de la base.<\/p>\n\n\n<div class=\"wp-block-image\">\n<figure class=\"alignleft size-large is-resized\"><img loading=\"lazy\" decoding=\"async\" width=\"1024\" height=\"767\" src=\"http:\/\/testeglise.ovh\/wp-content\/uploads\/2021\/02\/T6-T7-sud_2013-06-26_07-1024x767.jpg\" alt=\"\" class=\"wp-image-2259\" style=\"width:232px;height:173px\" srcset=\"https:\/\/eglisedebrie.fr\/wp-content\/uploads\/2021\/02\/T6-T7-sud_2013-06-26_07-1024x767.jpg 1024w, https:\/\/eglisedebrie.fr\/wp-content\/uploads\/2021\/02\/T6-T7-sud_2013-06-26_07-300x225.jpg 300w, https:\/\/eglisedebrie.fr\/wp-content\/uploads\/2021\/02\/T6-T7-sud_2013-06-26_07-768x576.jpg 768w, https:\/\/eglisedebrie.fr\/wp-content\/uploads\/2021\/02\/T6-T7-sud_2013-06-26_07-1536x1151.jpg 1536w, https:\/\/eglisedebrie.fr\/wp-content\/uploads\/2021\/02\/T6-T7-sud_2013-06-26_07.jpg 1800w\" sizes=\"auto, (max-width: 1024px) 100vw, 1024px\" \/><\/figure>\n<\/div>\n\n\n<p>C&rsquo;est de part et d&rsquo;autre de ces chapiteaux que l&rsquo;on peut admirer des figures humaines tr\u00e8s expressives.<\/p>\n\n\n\n<p><\/p>\n\n\n\n<p>Au niveau de la quatri\u00e8me trav\u00e9e, en partant du chevet, les colonnettes du XIIIe si\u00e8cle sont reprises en sous-\u0153uvre par le prolongement des piliers du XVIe si\u00e8cle. Les clefs de vo\u00fbtes, tr\u00e8s ouvrag\u00e9es, comportent des couronnes de feuillages et de fleurs, encadr\u00e9es de bustes de personnages.<\/p>\n\n\n<div class=\"wp-block-image\">\n<figure class=\"aligncenter size-full\"><img loading=\"lazy\" decoding=\"async\" width=\"1024\" height=\"869\" src=\"http:\/\/eglisedebrie.fr\/wp-content\/uploads\/2023\/10\/P1000080mod-1024x869-1.jpg\" alt=\"\" class=\"wp-image-3615\" srcset=\"https:\/\/eglisedebrie.fr\/wp-content\/uploads\/2023\/10\/P1000080mod-1024x869-1.jpg 1024w, https:\/\/eglisedebrie.fr\/wp-content\/uploads\/2023\/10\/P1000080mod-1024x869-1-300x255.jpg 300w, https:\/\/eglisedebrie.fr\/wp-content\/uploads\/2023\/10\/P1000080mod-1024x869-1-768x652.jpg 768w, https:\/\/eglisedebrie.fr\/wp-content\/uploads\/2023\/10\/P1000080mod-1024x869-1-900x764.jpg 900w\" sizes=\"auto, (max-width: 1024px) 100vw, 1024px\" \/><figcaption class=\"wp-element-caption\">Clef de vo\u00fbte de la nef <\/figcaption><\/figure>\n<\/div>\n\n\n<p>Si la premi\u00e8re clef de vo\u00fbte est entour\u00e9e de deux figures princi\u00e8res&nbsp;dont on ignore l\u2019identit\u00e9, les quatre autres expriment, de fa\u00e7on grotesque, l&rsquo;opposition du bien et du mal, l\u2019ange et le d\u00e9mon.<\/p>\n\n\n<div class=\"wp-block-image\">\n<figure class=\"aligncenter size-large\"><img loading=\"lazy\" decoding=\"async\" width=\"1024\" height=\"732\" src=\"http:\/\/eglisedebrie.fr\/wp-content\/uploads\/2021\/02\/P1000083mod-scaled-1-1024x732.jpg\" alt=\"\" class=\"wp-image-2399\" srcset=\"https:\/\/eglisedebrie.fr\/wp-content\/uploads\/2021\/02\/P1000083mod-scaled-1-1024x732.jpg 1024w, https:\/\/eglisedebrie.fr\/wp-content\/uploads\/2021\/02\/P1000083mod-scaled-1-300x215.jpg 300w, https:\/\/eglisedebrie.fr\/wp-content\/uploads\/2021\/02\/P1000083mod-scaled-1-768x549.jpg 768w, https:\/\/eglisedebrie.fr\/wp-content\/uploads\/2021\/02\/P1000083mod-scaled-1-1536x1099.jpg 1536w, https:\/\/eglisedebrie.fr\/wp-content\/uploads\/2021\/02\/P1000083mod-scaled-1-2048x1465.jpg 2048w\" sizes=\"auto, (max-width: 1024px) 100vw, 1024px\" \/><figcaption class=\"wp-element-caption\">Clef de vo\u00fbte du XIII si\u00e8cle.<\/figcaption><\/figure>\n<\/div>\n\n\n<p>Sur toutes les vo\u00fbtes du XIIIe si\u00e8cle, des restes de peinture d\u2019origine \u2013 de fausses briques de couleur ocre, encadr\u00e9es de joints blancs \u2013 d\u00e9coraient l\u2019ensemble.<\/p>\n\n\n\n<p>Les vo\u00fbtes des trois trav\u00e9es pr\u00e8s du portail comportent des nervures \u00e0 profils prismatiques&nbsp;du XVIe si\u00e8cle. Les arcs sont port\u00e9s par des chapiteaux sur une courte colonnette engag\u00e9e qui prolonge les piliers Renaissance. Les trois clefs sont tr\u00e8s finement sculpt\u00e9es de fleurs et de feuilles, de cette m\u00eame p\u00e9riode.<\/p>\n\n\n\n<figure class=\"wp-block-gallery has-nested-images columns-default is-cropped wp-block-gallery-1 is-layout-flex wp-block-gallery-is-layout-flex\">\n<figure class=\"wp-block-image size-large\"><img loading=\"lazy\" decoding=\"async\" width=\"1024\" height=\"896\" data-id=\"2393\" src=\"https:\/\/eglisedebrie.fr\/wp-content\/uploads\/2021\/02\/P1000087mod-e1616434459544-1024x896.jpg\" alt=\"\" class=\"wp-image-2393\" srcset=\"https:\/\/eglisedebrie.fr\/wp-content\/uploads\/2021\/02\/P1000087mod-e1616434459544-1024x896.jpg 1024w, https:\/\/eglisedebrie.fr\/wp-content\/uploads\/2021\/02\/P1000087mod-e1616434459544-300x263.jpg 300w, https:\/\/eglisedebrie.fr\/wp-content\/uploads\/2021\/02\/P1000087mod-e1616434459544-768x672.jpg 768w, https:\/\/eglisedebrie.fr\/wp-content\/uploads\/2021\/02\/P1000087mod-e1616434459544.jpg 1280w\" sizes=\"auto, (max-width: 1024px) 100vw, 1024px\" \/><\/figure>\n\n\n\n<figure class=\"wp-block-image size-large\"><img loading=\"lazy\" decoding=\"async\" width=\"1024\" height=\"856\" data-id=\"2392\" src=\"https:\/\/eglisedebrie.fr\/wp-content\/uploads\/2021\/02\/P1000086mod-scaled-1-1024x856.jpg\" alt=\"\" class=\"wp-image-2392\" srcset=\"https:\/\/eglisedebrie.fr\/wp-content\/uploads\/2021\/02\/P1000086mod-scaled-1-1024x856.jpg 1024w, https:\/\/eglisedebrie.fr\/wp-content\/uploads\/2021\/02\/P1000086mod-scaled-1-300x251.jpg 300w, https:\/\/eglisedebrie.fr\/wp-content\/uploads\/2021\/02\/P1000086mod-scaled-1-768x642.jpg 768w, https:\/\/eglisedebrie.fr\/wp-content\/uploads\/2021\/02\/P1000086mod-scaled-1-1536x1285.jpg 1536w, https:\/\/eglisedebrie.fr\/wp-content\/uploads\/2021\/02\/P1000086mod-scaled-1-2048x1713.jpg 2048w\" sizes=\"auto, (max-width: 1024px) 100vw, 1024px\" \/><\/figure>\n\n\n\n<figure class=\"wp-block-image size-large\"><img loading=\"lazy\" decoding=\"async\" width=\"1024\" height=\"819\" data-id=\"2391\" src=\"https:\/\/eglisedebrie.fr\/wp-content\/uploads\/2021\/02\/P1000085mod-scaled-1-1024x819.jpg\" alt=\"\" class=\"wp-image-2391\" srcset=\"https:\/\/eglisedebrie.fr\/wp-content\/uploads\/2021\/02\/P1000085mod-scaled-1-1024x819.jpg 1024w, https:\/\/eglisedebrie.fr\/wp-content\/uploads\/2021\/02\/P1000085mod-scaled-1-300x240.jpg 300w, https:\/\/eglisedebrie.fr\/wp-content\/uploads\/2021\/02\/P1000085mod-scaled-1-768x614.jpg 768w, https:\/\/eglisedebrie.fr\/wp-content\/uploads\/2021\/02\/P1000085mod-scaled-1-1536x1229.jpg 1536w, https:\/\/eglisedebrie.fr\/wp-content\/uploads\/2021\/02\/P1000085mod-scaled-1-2048x1638.jpg 2048w\" sizes=\"auto, (max-width: 1024px) 100vw, 1024px\" \/><\/figure>\n<\/figure>\n","protected":false},"excerpt":{"rendered":"<p>Les grandes vo\u00fbtes Le terme de \u00ab\u00a0grandes vo\u00fbtes\u00a0\u00bb appara\u00eet dans les archives de la paroisse, \u00e0 propos de l&#8217;emplacement des s\u00e9pultures. En effet, jusqu&rsquo;\u00e0 la fin du XVIIIe si\u00e8cle, les notables de la ville pouvaient se faire enterrer dans l&rsquo;\u00e9glise selon l&rsquo;endroit choisi, \u00ab\u00a0sous les grandes vo\u00fbtes\u00a0\u00bb (la nef) ou \u00ab\u00a0sous les petites vo\u00fbtes\u00a0\u00bb (les [&hellip;]<\/p>\n","protected":false},"author":1,"featured_media":478,"parent":0,"menu_order":0,"comment_status":"closed","ping_status":"closed","template":"","meta":{"footnotes":""},"class_list":["post-272","page","type-page","status-publish","has-post-thumbnail","hentry"],"yoast_head":"<!-- This site is optimized with the Yoast SEO plugin v21.5 - https:\/\/yoast.com\/wordpress\/plugins\/seo\/ -->\n<title>Vo\u00fbtes - Eglise Saint-Etienne de Brie-Comte-Robert<\/title>\n<meta name=\"robots\" content=\"index, follow, max-snippet:-1, max-image-preview:large, max-video-preview:-1\" \/>\n<link rel=\"canonical\" href=\"https:\/\/eglisedebrie.fr\/?page_id=272\" \/>\n<meta property=\"og:locale\" content=\"fr_FR\" \/>\n<meta property=\"og:type\" content=\"article\" \/>\n<meta property=\"og:title\" content=\"Vo\u00fbtes - Eglise Saint-Etienne de Brie-Comte-Robert\" \/>\n<meta property=\"og:description\" content=\"Les grandes vo\u00fbtes Le terme de \u00ab\u00a0grandes vo\u00fbtes\u00a0\u00bb appara\u00eet dans les archives de la paroisse, \u00e0 propos de l&#8217;emplacement des s\u00e9pultures. En effet, jusqu&rsquo;\u00e0 la fin du XVIIIe si\u00e8cle, les notables de la ville pouvaient se faire enterrer dans l&rsquo;\u00e9glise selon l&rsquo;endroit choisi, \u00ab\u00a0sous les grandes vo\u00fbtes\u00a0\u00bb (la nef) ou \u00ab\u00a0sous les petites vo\u00fbtes\u00a0\u00bb (les [&hellip;]\" \/>\n<meta property=\"og:url\" content=\"https:\/\/eglisedebrie.fr\/?page_id=272\" \/>\n<meta property=\"og:site_name\" content=\"Eglise Saint-Etienne de Brie-Comte-Robert\" \/>\n<meta property=\"article:modified_time\" content=\"2023-10-20T11:56:52+00:00\" \/>\n<meta property=\"og:image\" content=\"https:\/\/eglisedebrie.fr\/wp-content\/uploads\/2021\/01\/2013-11-13_15-scaled-1.jpg\" \/>\n\t<meta property=\"og:image:width\" content=\"1920\" \/>\n\t<meta property=\"og:image:height\" content=\"2560\" \/>\n\t<meta property=\"og:image:type\" content=\"image\/jpeg\" \/>\n<meta name=\"twitter:card\" content=\"summary_large_image\" \/>\n<meta name=\"twitter:label1\" content=\"Dur\u00e9e de lecture estim\u00e9e\" \/>\n\t<meta name=\"twitter:data1\" content=\"2 minutes\" \/>\n<script type=\"application\/ld+json\" class=\"yoast-schema-graph\">{\"@context\":\"https:\/\/schema.org\",\"@graph\":[{\"@type\":\"WebPage\",\"@id\":\"https:\/\/eglisedebrie.fr\/?page_id=272\",\"url\":\"https:\/\/eglisedebrie.fr\/?page_id=272\",\"name\":\"Vo\u00fbtes - Eglise Saint-Etienne de Brie-Comte-Robert\",\"isPartOf\":{\"@id\":\"https:\/\/eglisedebrie.fr\/#website\"},\"datePublished\":\"2021-01-10T15:44:59+00:00\",\"dateModified\":\"2023-10-20T11:56:52+00:00\",\"breadcrumb\":{\"@id\":\"https:\/\/eglisedebrie.fr\/?page_id=272#breadcrumb\"},\"inLanguage\":\"fr-FR\",\"potentialAction\":[{\"@type\":\"ReadAction\",\"target\":[\"https:\/\/eglisedebrie.fr\/?page_id=272\"]}]},{\"@type\":\"BreadcrumbList\",\"@id\":\"https:\/\/eglisedebrie.fr\/?page_id=272#breadcrumb\",\"itemListElement\":[{\"@type\":\"ListItem\",\"position\":1,\"name\":\"Accueil\",\"item\":\"https:\/\/eglisedebrie.fr\/\"},{\"@type\":\"ListItem\",\"position\":2,\"name\":\"Vo\u00fbtes\"}]},{\"@type\":\"WebSite\",\"@id\":\"https:\/\/eglisedebrie.fr\/#website\",\"url\":\"https:\/\/eglisedebrie.fr\/\",\"name\":\"Eglise Saint-Etienne de Brie-Comte-Robert\",\"description\":\"\u00a9 Les Amis du Vieux Ch\u00e2teau\",\"potentialAction\":[{\"@type\":\"SearchAction\",\"target\":{\"@type\":\"EntryPoint\",\"urlTemplate\":\"https:\/\/eglisedebrie.fr\/?s={search_term_string}\"},\"query-input\":\"required name=search_term_string\"}],\"inLanguage\":\"fr-FR\"}]}<\/script>\n<!-- \/ Yoast SEO plugin. -->","yoast_head_json":{"title":"Vo\u00fbtes - Eglise Saint-Etienne de Brie-Comte-Robert","robots":{"index":"index","follow":"follow","max-snippet":"max-snippet:-1","max-image-preview":"max-image-preview:large","max-video-preview":"max-video-preview:-1"},"canonical":"https:\/\/eglisedebrie.fr\/?page_id=272","og_locale":"fr_FR","og_type":"article","og_title":"Vo\u00fbtes - Eglise Saint-Etienne de Brie-Comte-Robert","og_description":"Les grandes vo\u00fbtes Le terme de \u00ab\u00a0grandes vo\u00fbtes\u00a0\u00bb appara\u00eet dans les archives de la paroisse, \u00e0 propos de l&#8217;emplacement des s\u00e9pultures. En effet, jusqu&rsquo;\u00e0 la fin du XVIIIe si\u00e8cle, les notables de la ville pouvaient se faire enterrer dans l&rsquo;\u00e9glise selon l&rsquo;endroit choisi, \u00ab\u00a0sous les grandes vo\u00fbtes\u00a0\u00bb (la nef) ou \u00ab\u00a0sous les petites vo\u00fbtes\u00a0\u00bb (les [&hellip;]","og_url":"https:\/\/eglisedebrie.fr\/?page_id=272","og_site_name":"Eglise Saint-Etienne de Brie-Comte-Robert","article_modified_time":"2023-10-20T11:56:52+00:00","og_image":[{"width":1920,"height":2560,"url":"https:\/\/eglisedebrie.fr\/wp-content\/uploads\/2021\/01\/2013-11-13_15-scaled-1.jpg","type":"image\/jpeg"}],"twitter_card":"summary_large_image","twitter_misc":{"Dur\u00e9e de lecture estim\u00e9e":"2 minutes"},"schema":{"@context":"https:\/\/schema.org","@graph":[{"@type":"WebPage","@id":"https:\/\/eglisedebrie.fr\/?page_id=272","url":"https:\/\/eglisedebrie.fr\/?page_id=272","name":"Vo\u00fbtes - Eglise Saint-Etienne de Brie-Comte-Robert","isPartOf":{"@id":"https:\/\/eglisedebrie.fr\/#website"},"datePublished":"2021-01-10T15:44:59+00:00","dateModified":"2023-10-20T11:56:52+00:00","breadcrumb":{"@id":"https:\/\/eglisedebrie.fr\/?page_id=272#breadcrumb"},"inLanguage":"fr-FR","potentialAction":[{"@type":"ReadAction","target":["https:\/\/eglisedebrie.fr\/?page_id=272"]}]},{"@type":"BreadcrumbList","@id":"https:\/\/eglisedebrie.fr\/?page_id=272#breadcrumb","itemListElement":[{"@type":"ListItem","position":1,"name":"Accueil","item":"https:\/\/eglisedebrie.fr\/"},{"@type":"ListItem","position":2,"name":"Vo\u00fbtes"}]},{"@type":"WebSite","@id":"https:\/\/eglisedebrie.fr\/#website","url":"https:\/\/eglisedebrie.fr\/","name":"Eglise Saint-Etienne de Brie-Comte-Robert","description":"\u00a9 Les Amis du Vieux Ch\u00e2teau","potentialAction":[{"@type":"SearchAction","target":{"@type":"EntryPoint","urlTemplate":"https:\/\/eglisedebrie.fr\/?s={search_term_string}"},"query-input":"required name=search_term_string"}],"inLanguage":"fr-FR"}]}},"_links":{"self":[{"href":"https:\/\/eglisedebrie.fr\/index.php?rest_route=\/wp\/v2\/pages\/272","targetHints":{"allow":["GET"]}}],"collection":[{"href":"https:\/\/eglisedebrie.fr\/index.php?rest_route=\/wp\/v2\/pages"}],"about":[{"href":"https:\/\/eglisedebrie.fr\/index.php?rest_route=\/wp\/v2\/types\/page"}],"author":[{"embeddable":true,"href":"https:\/\/eglisedebrie.fr\/index.php?rest_route=\/wp\/v2\/users\/1"}],"replies":[{"embeddable":true,"href":"https:\/\/eglisedebrie.fr\/index.php?rest_route=%2Fwp%2Fv2%2Fcomments&post=272"}],"version-history":[{"count":3,"href":"https:\/\/eglisedebrie.fr\/index.php?rest_route=\/wp\/v2\/pages\/272\/revisions"}],"predecessor-version":[{"id":3915,"href":"https:\/\/eglisedebrie.fr\/index.php?rest_route=\/wp\/v2\/pages\/272\/revisions\/3915"}],"wp:featuredmedia":[{"embeddable":true,"href":"https:\/\/eglisedebrie.fr\/index.php?rest_route=\/wp\/v2\/media\/478"}],"wp:attachment":[{"href":"https:\/\/eglisedebrie.fr\/index.php?rest_route=%2Fwp%2Fv2%2Fmedia&parent=272"}],"curies":[{"name":"wp","href":"https:\/\/api.w.org\/{rel}","templated":true}]}}